{"id":7,"date":"2016-04-13T12:33:45","date_gmt":"2016-04-13T12:33:45","guid":{"rendered":"http:\/\/www.issibern.ch\/teams\/astronewage\/?page_id=2"},"modified":"2016-04-13T12:33:45","modified_gmt":"2016-04-13T12:33:45","slug":"sample-page","status":"publish","type":"page","link":"https:\/\/www.issibern.ch\/teams\/astronewage\/","title":{"rendered":"ISSI Astrobiology Team"},"content":{"rendered":"<p>The ISSI Astrobiology Team is approved in 2015 and the main goal of the team is to help to accelerate the growth of astrobiolgy in China. The team had a first team meeting in Bern between April 11 and 13, 2016.<\/p>\n<p>The team members are:<\/p>\n<table width=\"960\">\n<tbody>\n<tr>\n<td style=\"width: 204.233px\">Institute<\/td>\n<td style=\"width: 137.317px\">Team Member<\/td>\n<td style=\"width: 212.45px\">Main Expertise<\/td>\n<\/tr>\n<tr>\n<td style=\"width: 204.233px\">Laboratoire d&#8217;Astrophysique de Bordeaux, France<\/td>\n<td style=\"width: 137.317px\">Muriel Gargaud<\/td>\n<td style=\"width: 212.45px\">Astrophysics and education\/outreach in astrobiology<\/td>\n<\/tr>\n<tr>\n<td style=\"width: 204.233px\">DLR, Germany<\/td>\n<td style=\"width: 137.317px\">Lee Grenfell<\/td>\n<td style=\"width: 212.45px\">Exoplanet atmosphere photochemistry<\/td>\n<\/tr>\n<tr>\n<td style=\"width: 204.233px\">School of Physics, Peking University, China<\/td>\n<td style=\"width: 137.317px\">Yongyun Hu<\/td>\n<td style=\"width: 212.45px\">Climate and habitability of exoplanets<\/td>\n<\/tr>\n<tr>\n<td style=\"width: 204.233px\">University of Liege, Belgium<\/td>\n<td style=\"width: 137.317px\">Emmanuelle Javaux<\/td>\n<td style=\"width: 212.45px\">Early life traces and evolution, biosignatures, habitability<\/td>\n<\/tr>\n<tr>\n<td style=\"width: 204.233px\">Space Research Institute of the Austrian Academy of Sciences<\/td>\n<td style=\"width: 137.317px\">Helmut Lammer<\/td>\n<td style=\"width: 212.45px\">Atmospheric escape, evolution of atmospheres, habitability<\/td>\n<\/tr>\n<tr>\n<td style=\"width: 204.233px\">University Paris XI, France<\/td>\n<td style=\"width: 137.317px\">Alain Leger<\/td>\n<td style=\"width: 212.45px\">Space missions able to search for exoplanets and biosignatures<\/td>\n<\/tr>\n<tr>\n<td style=\"width: 204.233px\">University of Science &amp; Technology of China<\/td>\n<td style=\"width: 137.317px\">Wei Leng<\/td>\n<td style=\"width: 212.45px\">Tectonic evolution impact on planet habitability<\/td>\n<\/tr>\n<tr>\n<td style=\"width: 204.233px\">The University of Hong Kong<\/td>\n<td style=\"width: 137.317px\">Yi-Liang Li<\/td>\n<td style=\"width: 212.45px\">Mineral records of the origin and evolution of life<\/td>\n<\/tr>\n<tr>\n<td style=\"width: 204.233px\">Universit\u00e9 du Qu\u00e9bec \u00e0 Montr\u00e9al, Canada<\/td>\n<td style=\"width: 137.317px\">Daniele L. Pinti<\/td>\n<td style=\"width: 212.45px\">Isotope geochemistry; isotopic biosignatures<\/td>\n<\/tr>\n<tr>\n<td style=\"width: 204.233px\">Center for Earth System Science, Tsinghua University, China<\/td>\n<td style=\"width: 137.317px\">Feng Tian<\/p>\n<p>(project coordinator)<\/td>\n<td style=\"width: 212.45px\">Evolution and habitability of planets<\/td>\n<\/tr>\n<tr>\n<td style=\"width: 204.233px\">School of Environment, Tsinghua University, China<\/td>\n<td style=\"width: 137.317px\">Yunfeng Yang<\/td>\n<td style=\"width: 212.45px\">Microbial engines of earth\u2019s biogeochemical cycles<\/td>\n<\/tr>\n<tr>\n<td style=\"width: 204.233px\">School of Life Sciences, Tsinghua University, China<\/td>\n<td style=\"width: 137.317px\">Ting Zhu<\/td>\n<td style=\"width: 212.45px\">Origins of life, nucleic acids biochemistry<\/td>\n<\/tr>\n<\/tbody>\n<\/table>\n<p>The team is also supported by the following scientists:<\/p>\n<table width=\"960\">\n<tbody>\n<tr>\n<td width=\"372\">Institute<\/td>\n<td width=\"229\">Supporter<\/td>\n<td width=\"359\">Main Expertise<\/td>\n<\/tr>\n<tr>\n<td width=\"372\">University of Bern, Switzerland<\/td>\n<td width=\"229\">Willy Benz<\/td>\n<td width=\"359\">Exoplanetary Science<\/td>\n<\/tr>\n<tr>\n<td width=\"372\">University of Edinburgh, UK<\/td>\n<td width=\"229\">Charles Cockell<\/td>\n<td width=\"359\">Life in extreme environments, geomicrobiology<\/td>\n<\/tr>\n<tr>\n<td width=\"372\">DLR, Germany<\/td>\n<td width=\"229\">Gerda Horneck<\/td>\n<td width=\"359\">Microbe in Space<\/td>\n<\/tr>\n<tr>\n<td width=\"372\">Ben Gurion University of the Negev, Israel<\/td>\n<td width=\"229\">Addy Pross<\/td>\n<td width=\"359\">Origin of Life<\/td>\n<\/tr>\n<tr>\n<td width=\"372\">University Paris-Est Cr\u00e9teil, France<\/td>\n<td width=\"229\">Francois<\/p>\n<p>Raulin<\/td>\n<td width=\"359\">Planetary exobiology &amp; space instrumentation<\/td>\n<\/tr>\n<tr>\n<td width=\"372\">Technische Universit\u00e4t Berlin, Germany<\/td>\n<td width=\"229\">Dirk Schulze-Makuch<\/td>\n<td width=\"359\">Planetary Habitability and the Co-Evolution of Life and its Environment<\/td>\n<\/tr>\n<tr>\n<td width=\"372\">Laboratoire d\u2019Astrophysique de Bordeaux (CNRS, Univ. Of Bordeaux), France<\/td>\n<td width=\"229\">Franck Selsis<\/td>\n<td width=\"359\">Exoplanet Atmosphere Photochemistry<\/td>\n<\/tr>\n<tr>\n<td width=\"372\">Virginia Institute of Technology, United States of America<\/td>\n<td width=\"229\">Shuhai Xiao<\/td>\n<td width=\"359\">Early Earth Environments<\/td>\n<\/tr>\n<tr>\n<td width=\"372\">Xiamen University, China<\/td>\n<td width=\"229\">Yufen Zhao<\/td>\n<td width=\"359\">Origin of Life<\/td>\n<\/tr>\n<\/tbody>\n<\/table>\n<p>A summmary of the first meeting will be posted soon. The 2nd team meeting is scheduled to be held in Beijing in the week of April 23rd, 2017.<\/p>\n","protected":false},"excerpt":{"rendered":"<p>The ISSI Astrobiology Team is approved in 2015 and the main goal of the team is to help to accelerate the growth of astrobiolgy in China. The team had a first team meeting in Bern between April 11 and 13, &hellip; <a href=\"https:\/\/www.issibern.ch\/teams\/astronewage\/\">Continue reading <span class=\"meta-nav\">&rarr;<\/span><\/a><\/p>\n","protected":false},"author":2,"featured_media":0,"parent":0,"menu_order":0,"comment_status":"closed","ping_status":"closed","template":"","meta":{"footnotes":""},"class_list":["post-7","page","type-page","status-publish","hentry"],"_links":{"self":[{"href":"https:\/\/www.issibern.ch\/teams\/astronewage\/wp-json\/wp\/v2\/pages\/7","targetHints":{"allow":["GET"]}}],"collection":[{"href":"https:\/\/www.issibern.ch\/teams\/astronewage\/wp-json\/wp\/v2\/pages"}],"about":[{"href":"https:\/\/www.issibern.ch\/teams\/astronewage\/wp-json\/wp\/v2\/types\/page"}],"author":[{"embeddable":true,"href":"https:\/\/www.issibern.ch\/teams\/astronewage\/wp-json\/wp\/v2\/users\/2"}],"replies":[{"embeddable":true,"href":"https:\/\/www.issibern.ch\/teams\/astronewage\/wp-json\/wp\/v2\/comments?post=7"}],"version-history":[{"count":0,"href":"https:\/\/www.issibern.ch\/teams\/astronewage\/wp-json\/wp\/v2\/pages\/7\/revisions"}],"wp:attachment":[{"href":"https:\/\/www.issibern.ch\/teams\/astronewage\/wp-json\/wp\/v2\/media?parent=7"}],"curies":[{"name":"wp","href":"https:\/\/api.w.org\/{rel}","templated":true}]}}