{"id":14,"date":"2016-02-18T14:14:24","date_gmt":"2016-02-18T12:14:24","guid":{"rendered":"http:\/\/www.issibern.ch\/teams\/collisionlessshocks\/?page_id=14"},"modified":"2016-02-18T14:14:24","modified_gmt":"2016-02-18T12:14:24","slug":"team-members","status":"publish","type":"page","link":"https:\/\/www.issibern.ch\/teams\/collisionlessshocks\/team-members\/","title":{"rendered":"Team Members"},"content":{"rendered":"<p><span style=\"font-size: small\"><strong>Ferdinand Plaschke <\/strong><span style=\"font-family: Calibri,Calibri\"><span style=\"font-family: Calibri\">(team leader), Space Research Institute, <\/span><\/span><strong>Austria<br \/>\n<\/strong><\/span><span style=\"font-size: small\"><strong>Heli Hietala <\/strong><span style=\"font-family: Calibri,Calibri\"><span style=\"font-family: Calibri\">(co-leader), University of California Los Angeles \/ Imperial College London,\u00a0<\/span><\/span><strong>USA \/ UK<br \/>\n<\/strong><\/span><span style=\"font-size: small\"><strong>Xochitl Blanco-Cano<\/strong><span style=\"font-family: Calibri,Calibri\"><span style=\"font-family: Calibri\">, Universidad Nacional Aut\u00f3noma de M\u00e9xico, <\/span><\/span><strong>Mexico<br \/>\n<\/strong><\/span><span style=\"font-size: small\"><strong>Primoz Kajdic<\/strong><span style=\"font-family: Calibri,Calibri\"><span style=\"font-family: Calibri\">, Universidad Nacional Aut\u00f3noma de M\u00e9xico, <\/span><\/span><strong>Mexico<br \/>\n<\/strong><\/span><span style=\"font-size: small\"><strong>Tomas Karlsson<\/strong><span style=\"font-family: Calibri,Calibri\"><span style=\"font-family: Calibri\">, KTH Royal Institute of Technology, <\/span><\/span><strong>Sweden<br \/>\n<\/strong><\/span><span style=\"font-size: small\"><strong>Nick Omidi<\/strong><span style=\"font-family: Calibri,Calibri\"><span style=\"font-family: Calibri\">, Solana Scientific Inc., <\/span><\/span><strong>USA<br \/>\n<\/strong><\/span><span style=\"font-size: small\"><strong>Minna Palmroth<\/strong><span style=\"font-family: Calibri,Calibri\"><span style=\"font-family: Calibri\">, Finnish Meteorological Institute, <\/span><\/span><strong>Finland<br \/>\n<\/strong><\/span><span style=\"font-size: small\"><strong>Vadim Roytershteyn<\/strong><span style=\"font-family: Calibri,Calibri\"><span style=\"font-family: Calibri\">, Space Science Institute, <\/span><\/span><strong>USA<br \/>\n<\/strong><\/span><span style=\"font-size: small\"><strong>Viktor Sergeev<\/strong><span style=\"font-family: Calibri,Calibri\"><span style=\"font-family: Calibri\">, St. Petersburg State University, <\/span><\/span><strong>Russia<br \/>\n<\/strong><\/span><span style=\"font-size: small\"><strong>David Sibeck<\/strong><span style=\"font-family: Calibri,Calibri\"><span style=\"font-family: Calibri\">, NASA Goddard Space Flight Center, <\/span><\/span><strong>USA<br \/>\n<\/strong><\/span><span style=\"font-size: small\"><strong>Martin Archer <\/strong><span style=\"font-family: Calibri,Calibri\"><span style=\"font-family: Calibri\">(young scientist), Queen Mary University of London \/ Imperial College London, <\/span><\/span><b><span style=\"font-size: small\"><strong>UK<br \/>\nSun Hee Lee <\/strong><\/span><\/b><span style=\"font-size: small\"><span style=\"font-family: Calibri,Calibri\"><span style=\"font-family: Calibri\"><span style=\"font-size: small\">(young scientist), NASA Goddard Space Flight Center, <\/span><\/span><\/span><\/span><b><span style=\"font-size: small\"><strong>USA<\/strong><\/span><\/b><\/span><span style=\"font-size: small\"><b><span style=\"font-size: small\"><strong><br \/>\n<\/strong><\/span><\/b><\/span><span style=\"font-size: small\"><span style=\"font-size: small\"><strong>Daniel Schmid\u00a0<\/strong><span style=\"font-family: Calibri,Calibri\"><span style=\"font-family: Calibri\">(young scientist), Space Research Institute,\u00a0<\/span><\/span><b><strong>Austria<br \/>\n<\/strong><\/b><\/span><\/span><\/p>\n<p><a href=\"http:\/\/www.issibern.ch\/teams\/collisionlessshocks\/wp-content\/uploads\/2016\/02\/issi_sign_team_photo-e1455801062932.jpg\"><img loading=\"lazy\" decoding=\"async\" class=\"alignnone wp-image-27 size-full\" src=\"http:\/\/www.issibern.ch\/teams\/collisionlessshocks\/wp-content\/uploads\/2016\/02\/issi_sign_team_photo-e1455801062932.jpg\" alt=\"issi_sign_team_photo\" width=\"1000\" height=\"667\" srcset=\"https:\/\/www.issibern.ch\/teams\/collisionlessshocks\/wp-content\/uploads\/sites\/55\/2016\/02\/issi_sign_team_photo-e1455801062932.jpg 1000w, https:\/\/www.issibern.ch\/teams\/collisionlessshocks\/wp-content\/uploads\/sites\/55\/2016\/02\/issi_sign_team_photo-e1455801062932-300x200.jpg 300w, https:\/\/www.issibern.ch\/teams\/collisionlessshocks\/wp-content\/uploads\/sites\/55\/2016\/02\/issi_sign_team_photo-e1455801062932-768x512.jpg 768w, https:\/\/www.issibern.ch\/teams\/collisionlessshocks\/wp-content\/uploads\/sites\/55\/2016\/02\/issi_sign_team_photo-e1455801062932-450x300.jpg 450w\" sizes=\"auto, (max-width: 1000px) 100vw, 1000px\" \/><\/a><\/p>\n<p><a href=\"http:\/\/www.issibern.ch\/teams\/collisionlessshocks\/wp-content\/uploads\/2017\/05\/IMG_3039-e1494408138524.jpg\"><img loading=\"lazy\" decoding=\"async\" class=\"alignnone wp-image-65 size-full\" src=\"http:\/\/www.issibern.ch\/teams\/collisionlessshocks\/wp-content\/uploads\/2017\/05\/IMG_3039-e1494408138524.jpg\" alt=\"\" width=\"1000\" height=\"750\" srcset=\"https:\/\/www.issibern.ch\/teams\/collisionlessshocks\/wp-content\/uploads\/sites\/55\/2017\/05\/IMG_3039-e1494408138524.jpg 1000w, https:\/\/www.issibern.ch\/teams\/collisionlessshocks\/wp-content\/uploads\/sites\/55\/2017\/05\/IMG_3039-e1494408138524-300x225.jpg 300w, https:\/\/www.issibern.ch\/teams\/collisionlessshocks\/wp-content\/uploads\/sites\/55\/2017\/05\/IMG_3039-e1494408138524-768x576.jpg 768w, https:\/\/www.issibern.ch\/teams\/collisionlessshocks\/wp-content\/uploads\/sites\/55\/2017\/05\/IMG_3039-e1494408138524-400x300.jpg 400w\" sizes=\"auto, (max-width: 1000px) 100vw, 1000px\" \/><\/a><\/p>\n","protected":false},"excerpt":{"rendered":"<p>Ferdinand Plaschke (team leader), Space Research Institute, Austria Heli Hietala (co-leader), University of California Los Angeles \/ Imperial College London,\u00a0USA \/ UK Xochitl Blanco-Cano, Universidad Nacional Aut\u00f3noma de M\u00e9xico, Mexico Primoz Kajdic, Universidad Nacional Aut\u00f3noma de M\u00e9xico, Mexico Tomas Karlsson, &hellip; <a href=\"https:\/\/www.issibern.ch\/teams\/collisionlessshocks\/team-members\/\">Continue reading <span class=\"meta-nav\">&rarr;<\/span><\/a><\/p>\n","protected":false},"author":2,"featured_media":0,"parent":0,"menu_order":0,"comment_status":"closed","ping_status":"closed","template":"","meta":{"footnotes":""},"class_list":["post-14","page","type-page","status-publish","hentry"],"_links":{"self":[{"href":"https:\/\/www.issibern.ch\/teams\/collisionlessshocks\/wp-json\/wp\/v2\/pages\/14","targetHints":{"allow":["GET"]}}],"collection":[{"href":"https:\/\/www.issibern.ch\/teams\/collisionlessshocks\/wp-json\/wp\/v2\/pages"}],"about":[{"href":"https:\/\/www.issibern.ch\/teams\/collisionlessshocks\/wp-json\/wp\/v2\/types\/page"}],"author":[{"embeddable":true,"href":"https:\/\/www.issibern.ch\/teams\/collisionlessshocks\/wp-json\/wp\/v2\/users\/2"}],"replies":[{"embeddable":true,"href":"https:\/\/www.issibern.ch\/teams\/collisionlessshocks\/wp-json\/wp\/v2\/comments?post=14"}],"version-history":[{"count":0,"href":"https:\/\/www.issibern.ch\/teams\/collisionlessshocks\/wp-json\/wp\/v2\/pages\/14\/revisions"}],"wp:attachment":[{"href":"https:\/\/www.issibern.ch\/teams\/collisionlessshocks\/wp-json\/wp\/v2\/media?parent=14"}],"curies":[{"name":"wp","href":"https:\/\/api.w.org\/{rel}","templated":true}]}}