{"id":10,"date":"2020-06-24T05:21:31","date_gmt":"2020-06-24T05:21:31","guid":{"rendered":"https:\/\/www.issibern.ch\/teams\/cssoseuclid\/?page_id=10"},"modified":"2023-06-22T13:07:18","modified_gmt":"2023-06-22T13:07:18","slug":"people","status":"publish","type":"page","link":"https:\/\/www.issibern.ch\/teams\/cssoseuclid\/sample-page\/people\/","title":{"rendered":"Team"},"content":{"rendered":"<ul>\n<li>Yun Chen, National astronomical observatories of China<\/li>\n<li class=\"p1\">Fr\u00e9d\u00e9ric Courbin, Ecole Polytechnique F\u00e9d\u00e9rale de Lausanne<\/li>\n<li>Simon Dye Nottingham University, UK<\/li>\n<li>Eric Jullo, Aix-Marseille University (AMU), Laboratoire d\u2019Astrophysique de Marseille (LAM)<\/li>\n<li>Jean-Paul Kneib, Ecole Polytechnique F\u00e9d\u00e9rale de Lausanne<\/li>\n<li>Nan Li, National astronomical observatories of China<\/li>\n<li>Ran Li, National astronomical observatories of China (Team Leader)<\/li>\n<li>James Nightingale, Durham University<\/li>\n<li>Ben Metcalf, Universita di Bologna<\/li>\n<li>Richard Massey, Durham University<\/li>\n<li>Huanyuan Shan, Shanghai Astronomical Observatory<\/li>\n<li>Yiping Shu, University of Cambridge<\/li>\n<\/ul>\n<p>&nbsp;<\/p>\n","protected":false},"excerpt":{"rendered":"<p>Yun Chen, National astronomical observatories of China Fr\u00e9d\u00e9ric Courbin, Ecole Polytechnique F\u00e9d\u00e9rale de Lausanne Simon Dye Nottingham University, UK Eric Jullo, Aix-Marseille University (AMU), Laboratoire d\u2019Astrophysique de Marseille (LAM) Jean-Paul Kneib, Ecole Polytechnique F\u00e9d\u00e9rale de Lausanne Nan Li, National astronomical &hellip; <a href=\"https:\/\/www.issibern.ch\/teams\/cssoseuclid\/sample-page\/people\/\">Continue reading <span class=\"meta-nav\">&rarr;<\/span><\/a><\/p>\n","protected":false},"author":2,"featured_media":0,"parent":7,"menu_order":0,"comment_status":"closed","ping_status":"closed","template":"","meta":{"footnotes":""},"class_list":["post-10","page","type-page","status-publish","hentry"],"_links":{"self":[{"href":"https:\/\/www.issibern.ch\/teams\/cssoseuclid\/wp-json\/wp\/v2\/pages\/10","targetHints":{"allow":["GET"]}}],"collection":[{"href":"https:\/\/www.issibern.ch\/teams\/cssoseuclid\/wp-json\/wp\/v2\/pages"}],"about":[{"href":"https:\/\/www.issibern.ch\/teams\/cssoseuclid\/wp-json\/wp\/v2\/types\/page"}],"author":[{"embeddable":true,"href":"https:\/\/www.issibern.ch\/teams\/cssoseuclid\/wp-json\/wp\/v2\/users\/2"}],"replies":[{"embeddable":true,"href":"https:\/\/www.issibern.ch\/teams\/cssoseuclid\/wp-json\/wp\/v2\/comments?post=10"}],"version-history":[{"count":1,"href":"https:\/\/www.issibern.ch\/teams\/cssoseuclid\/wp-json\/wp\/v2\/pages\/10\/revisions"}],"predecessor-version":[{"id":58,"href":"https:\/\/www.issibern.ch\/teams\/cssoseuclid\/wp-json\/wp\/v2\/pages\/10\/revisions\/58"}],"up":[{"embeddable":true,"href":"https:\/\/www.issibern.ch\/teams\/cssoseuclid\/wp-json\/wp\/v2\/pages\/7"}],"wp:attachment":[{"href":"https:\/\/www.issibern.ch\/teams\/cssoseuclid\/wp-json\/wp\/v2\/media?parent=10"}],"curies":[{"name":"wp","href":"https:\/\/api.w.org\/{rel}","templated":true}]}}