{"id":8,"date":"2017-05-31T10:51:10","date_gmt":"2017-05-31T08:51:10","guid":{"rendered":"http:\/\/www.issibern.ch\/teams\/physdustimpact\/?page_id=8"},"modified":"2017-05-31T10:51:10","modified_gmt":"2017-05-31T08:51:10","slug":"teammembers","status":"publish","type":"page","link":"https:\/\/www.issibern.ch\/teams\/physdustimpact\/teammembers\/","title":{"rendered":"Team Members"},"content":{"rendered":"<p><strong>Sigrid Close<\/strong>, Stanford University, USA (team member)<br \/>\n<strong>\u00c5shild Fredriksen<\/strong>, UiT Troms\u00f8 University, Norway (team member)<br \/>\n<strong>Ingrid Mann<\/strong>, UiT Troms\u00f8 University, Norway (team leader)<br \/>\n<strong>Ji\u0159\u00ed Pavl\u016f<\/strong>, Charles University, Czech Republic (team member)<br \/>\n<strong>Zoltan Sternovsky<\/strong>, the University of Colorado, Boulder, USA (team member)<br \/>\n<strong>Jakub Vaverka<\/strong>, Charles University, Czech Republic (team member)<br \/>\n<strong>Asta Pellinen-Wannberg<\/strong>, Ume\u00e5 University, Sweden (team member)<br \/>\n<strong>Shengyi Ye<\/strong>, University of Iowa, Iowa City, USA (team member)<br \/>\n<strong>Arnaud Zaslavsky<\/strong>, LESIA Paris Observatory, Meudon, France (team member)<br \/>\n<strong>Ove Havnes<\/strong>, UiT Troms\u00f8 University, Norway (invited expert)<br \/>\n<strong>Frank Postberg<\/strong>, Heidelberg University, Germany (invited expert)<br \/>\n<strong>Tarjei Antonsen<\/strong>, UiT, Troms\u00f8 University, Norway (young team member)<br \/>\n<strong>Joan Stude<\/strong>, DLR, Oberpfaffenhofen, Germany (young team member)<br \/>\n<strong>Charles Lue<\/strong>, Swedish Institute of Space Physics, IRF, Kiruna, Sweden (invited expert) <b>Libor Nouz\u00e1k<\/b>, Charles University, Czech Republic (team member)<\/p>\n","protected":false},"excerpt":{"rendered":"<p>Sigrid Close, Stanford University, USA (team member) \u00c5shild Fredriksen, UiT Troms\u00f8 University, Norway (team member) Ingrid Mann, UiT Troms\u00f8 University, Norway (team leader) Ji\u0159\u00ed Pavl\u016f, Charles University, Czech Republic (team member) Zoltan Sternovsky, the University of Colorado, Boulder, USA (team &hellip; <a href=\"https:\/\/www.issibern.ch\/teams\/physdustimpact\/teammembers\/\">Continue reading <span class=\"meta-nav\">&rarr;<\/span><\/a><\/p>\n","protected":false},"author":2,"featured_media":0,"parent":0,"menu_order":0,"comment_status":"closed","ping_status":"closed","template":"","meta":{"footnotes":""},"class_list":["post-8","page","type-page","status-publish","hentry"],"_links":{"self":[{"href":"https:\/\/www.issibern.ch\/teams\/physdustimpact\/wp-json\/wp\/v2\/pages\/8","targetHints":{"allow":["GET"]}}],"collection":[{"href":"https:\/\/www.issibern.ch\/teams\/physdustimpact\/wp-json\/wp\/v2\/pages"}],"about":[{"href":"https:\/\/www.issibern.ch\/teams\/physdustimpact\/wp-json\/wp\/v2\/types\/page"}],"author":[{"embeddable":true,"href":"https:\/\/www.issibern.ch\/teams\/physdustimpact\/wp-json\/wp\/v2\/users\/2"}],"replies":[{"embeddable":true,"href":"https:\/\/www.issibern.ch\/teams\/physdustimpact\/wp-json\/wp\/v2\/comments?post=8"}],"version-history":[{"count":0,"href":"https:\/\/www.issibern.ch\/teams\/physdustimpact\/wp-json\/wp\/v2\/pages\/8\/revisions"}],"wp:attachment":[{"href":"https:\/\/www.issibern.ch\/teams\/physdustimpact\/wp-json\/wp\/v2\/media?parent=8"}],"curies":[{"name":"wp","href":"https:\/\/api.w.org\/{rel}","templated":true}]}}