{"id":13,"date":"2017-10-19T17:53:16","date_gmt":"2017-10-19T15:53:16","guid":{"rendered":"http:\/\/www.issibern.ch\/teams\/prominenceparadox\/?page_id=13"},"modified":"2017-10-19T17:53:16","modified_gmt":"2017-10-19T15:53:16","slug":"publications","status":"publish","type":"page","link":"https:\/\/www.issibern.ch\/teams\/prominenceparadox\/publications\/","title":{"rendered":"Publications"},"content":{"rendered":"<ul>\n<li>Two-Step Filament Eruption During 14\u2009\u2013\u200915 March 2015<br \/>\nChandra, R., Filippov, B., Joshi, R. et al. Sol Phys (2017) 292: 81.<br \/>\n<a href=\"https:\/\/doi.org\/10.1007\/s11207-017-1104-5\">https:\/\/doi.org\/10.1007\/s11207-017-1104-5<\/a><\/li>\n<li>Solar Prominence Modelling and Plasma Diagnostics at ALMA Wavelengths<br \/>\nRodger, A. &amp; Labrosse, N. Sol Phys (2017) 292: 130. <a href=\"https:\/\/doi.org\/10.1007\/s11207-017-1161-9\">https:\/\/doi.org\/10.1007\/s11207-017-1161-9 (Open Access)<\/a><\/li>\n<li>Large-amplitude Longitudinal Oscillations Triggered by the Merging of Two Solar Filaments: Observations and Magnetic Field Analysis<br \/>\nM. Luna, Y. Su, B. Schmieder, R. Chandra, and T. A. Kucera, (2017) ApJ 850 143<br \/>\n<a href=\"https:\/\/doi.org\/10.3847\/1538-4357\/aa9713\">https:\/\/doi.org\/10.3847\/1538-4357\/aa9713<\/a><\/li>\n<li>Reconstruction of a helical prominence in 3D from IRIS spectra and images<br \/>\nB. Schmieder, M. Zapi\u00f3r, A. L\u00f3pez Ariste, P. Levens, N. Labrosse and R. Gravet, (2017)\u00a0A&amp;A 606, A30<br \/>\n<a href=\"https:\/\/doi.org\/10.1051\/0004-6361\/201730839\">https:\/\/doi.org\/10.1051\/0004-6361\/201730839<\/a><\/li>\n<li>Comparing UV\/EUV line parameters and magnetic field in a quiescent prominence with tornadoes<br \/>\nP. J. Levens, N. Labrosse, B. Schmieder, A. L\u00f3pez Ariste and L. Fletcher, (2017)\u00a0A&amp;A 607, A16<br \/>\n<a href=\"https:\/\/doi.org\/10.1051\/0004-6361\/201730808\">https:\/\/doi.org\/10.1051\/0004-6361\/201730808<\/a><\/li>\n<li>Visibility of Prominences Using the He I D3 Line Filter on the PROBA-3\/ASPIICS Coronagraph<br \/>\nS. Jej\u010di\u010d, P. Heinzel, N. Labrosse, A.N. Zhukov, A. Bemporad, S. Fineschi, S. Gun\u00e1r,\u00a0Sol Phys (2018) 293: 33.<br \/>\n<a href=\"https:\/\/doi.org\/10.1007\/s11207-018-1251-3\">https:\/\/doi.org\/10.1007\/s11207-018-1251-3<\/a><\/li>\n<li>Motions in Prominence Barbs Observed on the Solar Limb<br \/>\nT. A. Kucera, L. Ofman, and T. D. Tarbell, (2018) ApJ 859 121 <a href=\"https:\/\/doi.org\/10.3847\/1538-4357\/aabe90\">https:\/\/doi.org\/10.3847\/1538-4357\/aabe90<\/a><\/li>\n<\/ul>\n<p>&nbsp;<\/p>\n","protected":false},"excerpt":{"rendered":"<p>Two-Step Filament Eruption During 14\u2009\u2013\u200915 March 2015 Chandra, R., Filippov, B., Joshi, R. et al. Sol Phys (2017) 292: 81. https:\/\/doi.org\/10.1007\/s11207-017-1104-5 Solar Prominence Modelling and Plasma Diagnostics at ALMA Wavelengths Rodger, A. &amp; Labrosse, N. Sol Phys (2017) 292: 130. &hellip; <a href=\"https:\/\/www.issibern.ch\/teams\/prominenceparadox\/publications\/\">Continue reading <span class=\"meta-nav\">&rarr;<\/span><\/a><\/p>\n","protected":false},"author":2,"featured_media":0,"parent":0,"menu_order":0,"comment_status":"closed","ping_status":"closed","template":"","meta":{"footnotes":""},"class_list":["post-13","page","type-page","status-publish","hentry"],"_links":{"self":[{"href":"https:\/\/www.issibern.ch\/teams\/prominenceparadox\/wp-json\/wp\/v2\/pages\/13","targetHints":{"allow":["GET"]}}],"collection":[{"href":"https:\/\/www.issibern.ch\/teams\/prominenceparadox\/wp-json\/wp\/v2\/pages"}],"about":[{"href":"https:\/\/www.issibern.ch\/teams\/prominenceparadox\/wp-json\/wp\/v2\/types\/page"}],"author":[{"embeddable":true,"href":"https:\/\/www.issibern.ch\/teams\/prominenceparadox\/wp-json\/wp\/v2\/users\/2"}],"replies":[{"embeddable":true,"href":"https:\/\/www.issibern.ch\/teams\/prominenceparadox\/wp-json\/wp\/v2\/comments?post=13"}],"version-history":[{"count":0,"href":"https:\/\/www.issibern.ch\/teams\/prominenceparadox\/wp-json\/wp\/v2\/pages\/13\/revisions"}],"wp:attachment":[{"href":"https:\/\/www.issibern.ch\/teams\/prominenceparadox\/wp-json\/wp\/v2\/media?parent=13"}],"curies":[{"name":"wp","href":"https:\/\/api.w.org\/{rel}","templated":true}]}}