{"id":16,"date":"2019-07-17T11:11:14","date_gmt":"2019-07-17T09:11:14","guid":{"rendered":"http:\/\/www.issibern.ch\/teams\/rockyplanform\/?page_id=16"},"modified":"2019-07-17T11:11:14","modified_gmt":"2019-07-17T09:11:14","slug":"team-composition","status":"publish","type":"page","link":"https:\/\/www.issibern.ch\/teams\/rockyplanform\/team-composition\/","title":{"rendered":"Team Composition"},"content":{"rendered":"\n<p><\/p>\n\n\n\n<ul class=\"wp-block-list\"><li><strong>Dr. Myriam Benisty, Institut de Planetologie et d\u2019Astrophysique de Grenoble, Universit\u00e9 Grenoble Alpes, France<\/strong><\/li><li><strong>Dr. Roy van Boekel, Max Planck Institut f\u00fcr Astronomie, Heidelberg, Germany<\/strong><\/li><li><strong>Prof.Dr. Carsten Dominik, Anton Pannekoek Institute for Astronomy, University of Amsterdam, The Netherlands<\/strong><\/li><li><strong>Prof.Dr. Tim van Hoolst, Royal Observatory and Katholieke Universiteit Leuven, Belgium<\/strong><\/li><li><strong>Prof.Dr. Inga Kamp, Kapteyn Institute University of Groningen, The Netherlands<\/strong><\/li><li><strong>Dr. Lucia Klarmann<\/strong>, <strong>Max Planck Institut f\u00fcr Astronomie, Heidelberg, Germany<\/strong><\/li><li><strong>Prof.Dr. Thorsten Kleine,\u00a0 Institut f\u00fcr Planetologie, WWU M\u00fcnster, Germany<\/strong><\/li><li><strong>Prof.Dr. Willy Kley, Institut f\u00fcr Astronomie &amp; Astrophysik, Universit\u00e4t T\u00fcbingen, Germany<\/strong><\/li><li><strong>Prof.Dr. Christoph Mordasini, Space Research and Planetary Science Division, Physikalisches Institut, University of Bern, Switzerland<\/strong><\/li><li><strong>Prof.Dr. Lena Noack, Institute of Geological Sciences, Freie Universit\u00e4t Berlin, Germany<\/strong><\/li><li><strong>Prof.Dr. Ilaria Pascucci, Lunar and Planetary Laboratory (LPL)\/The University of Arizona, Tucson, U.S.A.<\/strong><\/li><li><strong>Dr. Sean Raymond, Laboratoire d\u2019Astrophysique de Bordeaux, France<\/strong><\/li><li><strong>Mr. Rob Spaargaren, Institute of Geophysics, ETH Zurich, Switzerland<\/strong><\/li><li><strong>Prof.Dr. Rens Waters, SRON and University of Amsterdam, The Netherlands<br><\/strong><\/li><\/ul>\n","protected":false},"excerpt":{"rendered":"<p>Dr. Myriam Benisty, Institut de Planetologie et d\u2019Astrophysique de Grenoble, Universit\u00e9 Grenoble Alpes, France Dr. Roy van Boekel, Max Planck Institut f\u00fcr Astronomie, Heidelberg, Germany Prof.Dr. Carsten Dominik, Anton Pannekoek Institute for Astronomy, University of Amsterdam, The Netherlands Prof.Dr. Tim &hellip; <a href=\"https:\/\/www.issibern.ch\/teams\/rockyplanform\/team-composition\/\">Continue reading <span class=\"meta-nav\">&rarr;<\/span><\/a><\/p>\n","protected":false},"author":2,"featured_media":0,"parent":0,"menu_order":0,"comment_status":"closed","ping_status":"closed","template":"","meta":{"footnotes":""},"class_list":["post-16","page","type-page","status-publish","hentry"],"_links":{"self":[{"href":"https:\/\/www.issibern.ch\/teams\/rockyplanform\/wp-json\/wp\/v2\/pages\/16","targetHints":{"allow":["GET"]}}],"collection":[{"href":"https:\/\/www.issibern.ch\/teams\/rockyplanform\/wp-json\/wp\/v2\/pages"}],"about":[{"href":"https:\/\/www.issibern.ch\/teams\/rockyplanform\/wp-json\/wp\/v2\/types\/page"}],"author":[{"embeddable":true,"href":"https:\/\/www.issibern.ch\/teams\/rockyplanform\/wp-json\/wp\/v2\/users\/2"}],"replies":[{"embeddable":true,"href":"https:\/\/www.issibern.ch\/teams\/rockyplanform\/wp-json\/wp\/v2\/comments?post=16"}],"version-history":[{"count":0,"href":"https:\/\/www.issibern.ch\/teams\/rockyplanform\/wp-json\/wp\/v2\/pages\/16\/revisions"}],"wp:attachment":[{"href":"https:\/\/www.issibern.ch\/teams\/rockyplanform\/wp-json\/wp\/v2\/media?parent=16"}],"curies":[{"name":"wp","href":"https:\/\/api.w.org\/{rel}","templated":true}]}}