{"id":18,"date":"2019-08-08T10:02:05","date_gmt":"2019-08-08T08:02:05","guid":{"rendered":"http:\/\/www.issibern.ch\/teams\/somblamp\/?page_id=18"},"modified":"2024-01-09T15:04:38","modified_gmt":"2024-01-09T15:04:38","slug":"publications","status":"publish","type":"page","link":"https:\/\/www.issibern.ch\/teams\/somblamp\/publications\/","title":{"rendered":"Publications"},"content":{"rendered":"\r\n<p>Wang, Jingyi; Kara, Erin; Steiner, James F.; Garc\u00eda, Javier A.; Homan, Jeroen; Neilsen, Joseph; Marcel, Gr\u00e9goire; Ludlam, Renee M.; Tombesi, Francesco; Cackett, Edward M.; Remillard, Ron A., Relativistic Reflection and Reverberation in GX 339-4 with NICER and NuSTAR,  2020, The Astrophysical Journal, 899, 44<\/p>\r\n\r\n\r\n\r\n<p>Abdikamalov, Askar B.; Ayzenberg, Dimitry; Bambi, Cosimo; Dauser, Thomas; Garc\u00eda, Javier A.; Nampalliwar, Sourabh; Tripathi, Ashutosh; Zhou, Menglei, Testing the Kerr Black Hole Hypothesis Using X-Ray Reflection Spectroscopy and a Thin Disk Model with Finite Thickness, 2020,  The Astrophysical Journal, 899,  80<\/p>\r\n\r\n\r\n\r\n<p>Wilkins, D. R.; Garc\u00eda, J. A.; Dauser, T.; Fabian, A. C., Returning radiation in strong gravity around black holes: reverberation from the accretion disc,  Monthly Notices of the Royal Astronomical Society, 498, 3302<\/p>\r\n\r\n\r\n\r\n<p>Zdziarski, Andrzej A.; De Marco, Barbara, 2020, Two Major Constraints on the Inner Radii of Accretion Disks,  The Astrophysical Journal Letters,  896, L36<\/p>\r\n\r\n\r\n\r\n<p>Zdziarski, Andrzej A.; Dzie\u0142ak, Marta A.; De Marco, Barbara; Szanecki, Micha\u0142; Nied\u017awiecki, Andrzej, 2021, Accretion Geometry in the Hard State of the Black Hole X-Ray Binary MAXI J1820+070,  The Astrophysical Journal Letters, 909, L9<\/p>\r\n\r\n\r\n\r\n<p>Zdziarski, Andrzej A.; De Marco, Barbara; Szanecki, Micha\u0142; Nied\u017awiecki, Andrzej; Markowitz, Alex, 2021,  Does the Disk in the Hard State of XTE J1752-223 Extend to the Innermost Stable Circular Orbit?, The Astrophysical Journal, 906, 69<\/p>\r\n\r\n\r\n\r\n<p>Szanecki, Micha\u0142; Nied\u017awiecki, Andrzej; Zdziarski, Andrzej A., 2021, Relativistic Reflection in NGC 4151, The Astrophysical Journal,  909, 205<\/p>\r\n\r\n\r\n\r\n<p>Zdziarski, Andrzej A.; Jourdain, Elisabeth; Lubi\u0144ski, Piotr; Szanecki, Micha\u0142; Nied\u017awiecki, Andrzej; Veledina, Alexandra; Poutanen, Juri; Dzie\u0142ak, Marta A.; Roques, Jean-Pierre, 2021, Hybrid Comptonization and Electron-Positron Pair Production in the Black-hole X-Ray Binary MAXI J1820+070,  The Astrophysical Journal Letters, 914, L5<\/p>\r\n\r\n\r\n\r\n<p>Dzie\u0142ak, Marta A.; De Marco, Barbara; Zdziarski, Andrzej A., 2021, A spectrally stratified hot accretion flow in the hard state of MAXI J1820+070,  Monthly Notices of the Royal Astronomical Society,  506, 2020<\/p>\r\n\r\n\r\n\r\n<p>De Marco, B.; Zdziarski, A. A.; Ponti, G.; Migliori, G.; Belloni, T. M.; Segovia Otero, A.; Dzie\u0142ak, M. A.; Lai, E. V., The inner flow geometry in MAXI J1820+070 during hard and hard-intermediate states, 2021,  Astronomy &amp; Astrophysics,  654, 14<\/p>\r\n\r\n\r\n\r\n<p>Bambi, Cosimo; Brenneman, Laura W.; Dauser, Thomas; Garc\u00eda, Javier A.; Grinberg, Victoria; Ingram, Adam; Jiang, Jiachen; Liu, Honghui; Lohfink, Anne M.; Marinucci, Andrea; Mastroserio, Guglielmo; Middei, Riccardo; Nampalliwar, Sourabh; Niedzwiecki, Andrzej; Steiner, James F.; Tripathi, Ashutosh; Zdziarski, Andrzej A., 2021, Towards Precision Measurements of Accreting Black Holes Using X-Ray Reflection Spectroscopy,         Space Science Reviews, 217, 65<\/p>\r\n\r\n\r\n\r\n<p>Kammoun, E. S.; Dov\u010diak, M.; Papadakis, I. E.; Caballero-Garc\u00eda, M. D.; Karas, V., UV\/Optical Disk Thermal Reverberation in  Active Galactic Nuclei: An In-depth Study with an Analytic Prescription  for Time-lag Spectra, 2021,  The Astrophysical Journal, 907, 20<\/p>\r\n\r\n\r\n\r\n<p>Kammoun, E. S.; Papadakis, I. E.; Dov\u010diak, M., Modelling the UV\/optical continuum time-lags in AGN, 2021,  Monthly Notices of the Royal Astronomical Society,  503, 4163<\/p>\r\n\r\n\r\n\r\n<p>Belloni, Tomaso M.; Zhang, Liang; Kylafis, Nikolaos D.; Reig, Pablo; Altamirano, Diego, Time lags of the type-B quasi-periodic oscillation in MAXI J1348-630, 2020, Monthly Notices of the Royal Astronomical Society, 496, 44<\/p>\r\n\r\n\r\n\r\n<p>Wang, Jingyi; Mastroserio, Guglielmo; Kara, Erin; Garc\u00eda, Javier A.; Ingram, Adam; Connors, Riley; van der Klis, Michiel; Dauser, Thomas; Steiner, James F.; Buisson, Douglas J. K.; Homan, Jeroen; Lucchini, Matteo; Fabian, Andrew C.; Bright, Joe; Fender, Rob; Cackett, Edward M.; Remillard, Ron A., Disk, Corona, Jet Connection in the Intermediate State of MAXI J1820+070 Revealed by NICER Spectral-timing Analysis, 2021,  The Astrophysical Journal Letters, 910, 3<\/p>\r\n\r\n\r\n\r\n<p>Paice, J. A.; Gandhi, P.; Shahbaz, T.; Veledina, A.; Malzac, J.; Buckley, D. A. H.; Charles, P. A.; Rajwade, K.; Dhillon, V. S.; Littlefair, S. P.; Marsh, T. R.; Uttley, P.; Vincentelli, F. M.; Misra, R., The evolution of rapid optical\/X-ray timing correlations in the initial hard state of MAXI J1820+070, 2021,  Monthly Notices of the Royal Astronomical Society, 505, 3452<\/p>\r\n\r\n\r\n\r\n<p>Axelsson, Magnus; Veledina, Alexandra, Accretion geometry of the black hole binary MAXI J1820+070 probed by frequency-resolved spectroscopy, 2021,   Monthly Notices of the Royal Astronomical Society, 507, 2744 <\/p>\r\n\r\n\r\n\r\n<p>Poutanen, Juri; Veledina, Alexandra; Berdyugin, Andrei V.; Berdyugina, Svetlana V.; Jermak, Helen; Jonker, Peter G.; Kajava, Jari J. E.; Kosenkov, Ilia A.; Kravtsov, Vadim; Piirola, Vilppu; Shrestha, Manisha; Perez Torres, Manuel A.; Tsygankov, Sergey S., Black hole spin\u2013orbit misalignment in the x-ray binary MAXI J1820+070, 2022, Science,  Volume 375, Issue 6583, pp. 874-876<\/p>\r\n\r\n\r\n\r\n<p>Zdziarski, Andrzej A.; Tetarenko, Alexandra J.; Sikora, Marek, Jet Parameters in the Black Hole X-Ray Binary MAXI J1820+070, 2022,  The Astrophysical Journal, 925,189 (18 pp) <\/p>\r\n\r\n\r\n\r\n<p>Zdziarski, Andrzej A.; You, Bei; Szanecki, Michal; Li, Xiao-Bo; Ge, Mingyu, Insight-HXMT, NuSTAR, and INTEGRAL Data Show Disk Truncation in the Hard State of the Black Hole X-Ray Binary MAXI J1820+070, 2022,  The Astrophysical Journal, 928, 11 (8 pp)<\/p>\r\n\r\n\r\n\r\n<p>Miko\u0142ajewska, Joanna; Zdziarski, Andrzej A.; Zi\u00f3\u0142kowski, Janusz; Torres, Manuel A. P.; Casares, Jorge, The Donor of the Black Hole X-Ray Binary MAXI J1820+070, 2022,  The Astrophysical Journal, 930, 9 (8 pp)<\/p>\r\n\r\n\r\n\r\n<p>Nied\u017awiecki, Andrzej; Szanecki, Micha\u0142; Zdziarski, Andrzej A.; Xie, Fu-Guo, Improved Model of X-Ray Emission from Hot Accretion Flows, 2022,  The Astrophysical Journal, 931, 167 (7 pp) <\/p>\r\n\r\n\r\n\r\n<p>Zdziarski, Andrzej A.;Egron, Elise, What are the Composition and Power of the Jet in Cyg X-1?, 2022,  The Astrophysical Journal Letters, 935, L4, (5 pp)<\/p>\r\n\r\n\r\n\r\n<p>Zdziarski, Andrzej A.;You, Bei; Szanecki, Micha\u0142, Corrections to Estimated Accretion Disk Size due to Color Correction, Disk Truncation, and Disk Wind, 2022,  The Astrophysical Journal Letters, 939, L2, (6 pp)<\/p>\r\n\r\n\r\n\r\n<p>Kawamura, Tenyo; Done, Chris; Axelsson, Magnus; Takahashi, Tadayuki,  MAXI J1820+070 X-ray spectral-timing reveals the nature of the accretion flow in black hole binaries, 2023,  Monthly Notices of the Royal Astronomical Society, 519,  4434\u20134453<\/p>\r\n\r\n\r\n\r\n<p>Zhang, W.; Papadakis, I. E.; Dov\u010diak, M.; Bursa, M.;&nbsp; Karas, V., 2023, A theoretical study of the time lags due to Comptonization and the constraints on the X-ray corona in AGNs,  Monthly Notices of the Royal Astronomical Society, 519, 4951-4965   <\/p>\r\n\r\n\r\n\r\n<p>Bellavita, Candela;Garc\u00eda, Federico;M\u00e9ndez, Mariano;Karpouzas, Konstantinos, 2022, vKompth: a variable Comptonization model for low-frequency quasi-periodic oscillations in black hole X-ray binaries,  Monthly Notices of the Royal Astronomical Society, 515,  2099-2109<\/p>\r\n\r\n\r\n\r\n<p>Zdziarski, Andrzej A.; Veledina, Alexandra; Szanecki, Michal; Green, David A.; Bright, Joe S.; Williams, David R. A., 2023, Evidence for a\r\nBlack Hole Spin-Orbit Misalignment in the X-Ray Binary Cyg X-1, The Astrophysical Journal Letters, 951, L45, (8 pp)<\/p>\r\n\r\n\r\n\r\n<p>Zhang, Yuexin; M\u00e9ndez, Mariano; Motta, Sara E.; Zdziarski, Andrzej A.; Marcel, Gr\u00e9goire; Garc\u00eda, Federico; Altamirano, Diego; Belloni, Tomaso M.; Zhang, Liang; Timmermans, Thimo; Zhang, Guobao, 2024, A systematic study of the high-frequency bump in the black-hole low-mass X-ray binary GX 339-4, Monthly Notices of the Royal Astronomical Society, 527, 5638-5648)<\/p>\r\n\r\n\r\n","protected":false},"excerpt":{"rendered":"<p>Wang, Jingyi; Kara, Erin; Steiner, James F.; Garc\u00eda, Javier A.; Homan, Jeroen; Neilsen, Joseph; Marcel, Gr\u00e9goire; Ludlam, Renee M.; Tombesi, Francesco; Cackett, Edward M.; Remillard, Ron A., Relativistic Reflection and Reverberation in GX 339-4 with NICER and NuSTAR, 2020, The &hellip; <a href=\"https:\/\/www.issibern.ch\/teams\/somblamp\/publications\/\">Continue reading <span class=\"meta-nav\">&rarr;<\/span><\/a><\/p>\n","protected":false},"author":2,"featured_media":0,"parent":0,"menu_order":0,"comment_status":"closed","ping_status":"closed","template":"","meta":{"footnotes":""},"class_list":["post-18","page","type-page","status-publish","hentry"],"_links":{"self":[{"href":"https:\/\/www.issibern.ch\/teams\/somblamp\/wp-json\/wp\/v2\/pages\/18","targetHints":{"allow":["GET"]}}],"collection":[{"href":"https:\/\/www.issibern.ch\/teams\/somblamp\/wp-json\/wp\/v2\/pages"}],"about":[{"href":"https:\/\/www.issibern.ch\/teams\/somblamp\/wp-json\/wp\/v2\/types\/page"}],"author":[{"embeddable":true,"href":"https:\/\/www.issibern.ch\/teams\/somblamp\/wp-json\/wp\/v2\/users\/2"}],"replies":[{"embeddable":true,"href":"https:\/\/www.issibern.ch\/teams\/somblamp\/wp-json\/wp\/v2\/comments?post=18"}],"version-history":[{"count":3,"href":"https:\/\/www.issibern.ch\/teams\/somblamp\/wp-json\/wp\/v2\/pages\/18\/revisions"}],"predecessor-version":[{"id":207,"href":"https:\/\/www.issibern.ch\/teams\/somblamp\/wp-json\/wp\/v2\/pages\/18\/revisions\/207"}],"wp:attachment":[{"href":"https:\/\/www.issibern.ch\/teams\/somblamp\/wp-json\/wp\/v2\/media?parent=18"}],"curies":[{"name":"wp","href":"https:\/\/api.w.org\/{rel}","templated":true}]}}