{"id":18,"date":"2016-04-26T16:04:38","date_gmt":"2016-04-26T14:04:38","guid":{"rendered":"https:\/\/www.issibern.ch\/workshops\/cosmicdust\/?page_id=18"},"modified":"2016-04-26T16:04:38","modified_gmt":"2016-04-26T14:04:38","slug":"sssi-book","status":"publish","type":"page","link":"https:\/\/www.issibern.ch\/workshops\/cosmicdust\/","title":{"rendered":"SSSI Book #69 and SSR"},"content":{"rendered":"<p><span style=\"font-size: 12pt\"><a href=\"https:\/\/www.springer.com\/gp\/book\/9789402420098\" target=\"_blank\" rel=\"noopener noreferrer\"><strong>Cosmic Dust from the Laboratory to the Stars<\/strong><\/a><\/span><\/p>\n<p><a href=\"https:\/\/www.springer.com\/gp\/book\/9789402420098\"><img decoding=\"async\" loading=\"lazy\" class=\"alignnone wp-image-104 size-medium\" src=\"https:\/\/www.issibern.ch\/workshops\/cosmicdust\/wp-content\/uploads\/sites\/6\/2020\/04\/sssi69-199x300.jpg\" alt=\"\" width=\"199\" height=\"300\" srcset=\"https:\/\/www.issibern.ch\/workshops\/cosmicdust\/wp-content\/uploads\/sites\/6\/2020\/04\/sssi69-199x300.jpg 199w, https:\/\/www.issibern.ch\/workshops\/cosmicdust\/wp-content\/uploads\/sites\/6\/2020\/04\/sssi69.jpg 600w\" sizes=\"(max-width: 199px) 100vw, 199px\" \/><\/a><\/p>\n<p>R. Rodrigo, J. Blum, H.-W. Hsu, D.V. Koschny, A.-C. Levasseur-Regourd, J. Martin-Pintado, V.J. Sterken, A. Westphal \u00a0(Eds.),<\/p>\n<p><a href=\"https:\/\/www.springer.com\/gp\/book\/9789402420098\" target=\"_blank\" rel=\"noopener noreferrer\">Order a Hardcopy &gt;&gt;<\/a><\/p>\n<p>ISBN 978-94-024-2009-8, published in April 2020<\/p>\n<p>9 Review papers (partial Open Access) in the <strong><a href=\"https:\/\/link.springer.com\/journal\/11214\/topicalCollection\/AC_388b45501ebfaaf19d4501747d1f2fc7\/page\/1\" target=\"_blank\" rel=\"noopener noreferrer\">Topical Collection of Space Science Reviews<\/a><\/strong>\u00a0 (reprinted as SSSI Volume 69):<\/p>\n<p><a href=\"https:\/\/link.springer.com\/article\/10.1007\/s11214-018-0539-9\" target=\"_blank\" rel=\"noopener noreferrer\"><strong>Dust Emission by Active Moons<\/strong><\/a><br \/>\nJ. K. Hillier, J. Schmidt, H.-W. Hsu, F. Postberg<\/p>\n<p><a href=\"https:\/\/link.springer.com\/article\/10.1007\/s11214-018-0527-0\" target=\"_blank\" rel=\"noopener noreferrer\"><strong>Dust Phenomena Relating to Airless Bodies<\/strong><\/a><br \/>\nJ. R. Szalay, A. R. Poppe, J. Agarwal, D. Britt, I. Belskaya et al.<\/p>\n<p><a href=\"https:\/\/link.springer.com\/article\/10.1007\/s11214-018-0496-3\" target=\"_blank\" rel=\"noopener noreferrer\"><strong>Cometary Dust<\/strong><\/a><br \/>\nAnny-Chantal Levasseur-Regourd, Jessica Agarwal, Herv\u00e9 Cottin et al.<\/p>\n<p><a href=\"https:\/\/link.springer.com\/article\/10.1007\/s11214-018-0486-5\" target=\"_blank\" rel=\"noopener noreferrer\"><strong>Dust Evolution in Protoplanetary Discs and the Formation of Planetesimals<\/strong><\/a><br \/>\nJ\u00fcrgen Blum<\/p>\n<p><a href=\"https:\/\/link.springer.com\/article\/10.1007\/s11214-019-0610-1\" target=\"_blank\" rel=\"noopener noreferrer\"><strong>The Dawn of Dust Astronomy (open access)<\/strong><\/a><br \/>\nEberhard Gr\u00fcn, Harald Kr\u00fcger, Ralf Srama<\/p>\n<p><a href=\"https:\/\/link.springer.com\/article\/10.1007\/s11214-019-0607-9\" target=\"_blank\" rel=\"noopener noreferrer\"><strong>Interstellar Dust in the Solar System<\/strong><\/a><br \/>\nVeerle J. Sterken, Andrew J. Westphal, Nicolas Altobelli et al.<\/p>\n<p><a href=\"https:\/\/link.springer.com\/article\/10.1007\/s11214-019-0597-7\" target=\"_blank\" rel=\"noopener noreferrer\"><strong>Interplanetary Dust, Meteoroids, Meteors and Meteorites<\/strong><\/a><br \/>\nDetlef Koschny, Rachel H. Soja, Cecile Engrand, George J. Flynn et al.<\/p>\n<p><a href=\"https:\/\/link.springer.com\/article\/10.1007\/s11214-017-0458-1\" target=\"_blank\" rel=\"noopener noreferrer\"><strong>Impacts of Cosmic Dust on Planetary Atmospheres and Surfaces (open access)<\/strong><\/a><br \/>\nJohn M. C. Plane, George J. Flynn, Anni M\u00e4\u00e4tt\u00e4nen, John E. Moores et al.<\/p>\n<p><a href=\"https:\/\/link.springer.com\/article\/10.1007\/s11214-018-0577-3\" target=\"_blank\" rel=\"noopener noreferrer\"><strong>Circumplanetary Dust Populations<\/strong><\/a><br \/>\nFrank Spahn, Manuel Sachse, Martin Sei\u00df, Hsiang-Wen Hsu et al.<\/p>\n","protected":false},"excerpt":{"rendered":"<p>Cosmic Dust from the Laboratory to the Stars R. Rodrigo, J. Blum, H.-W. Hsu, D.V. Koschny, A.-C. Levasseur-Regourd, J. Martin-Pintado, V.J. Sterken, A. Westphal \u00a0(Eds.), Order a Hardcopy &gt;&gt; ISBN 978-94-024-2009-8, published in April 2020 9 Review papers (partial Open &hellip; <a href=\"https:\/\/www.issibern.ch\/workshops\/cosmicdust\/\">Continue reading <span class=\"meta-nav\">&rarr;<\/span><\/a><\/p>\n","protected":false},"author":2,"featured_media":0,"parent":0,"menu_order":0,"comment_status":"closed","ping_status":"closed","template":"","meta":[],"_links":{"self":[{"href":"https:\/\/www.issibern.ch\/workshops\/cosmicdust\/wp-json\/wp\/v2\/pages\/18"}],"collection":[{"href":"https:\/\/www.issibern.ch\/workshops\/cosmicdust\/wp-json\/wp\/v2\/pages"}],"about":[{"href":"https:\/\/www.issibern.ch\/workshops\/cosmicdust\/wp-json\/wp\/v2\/types\/page"}],"author":[{"embeddable":true,"href":"https:\/\/www.issibern.ch\/workshops\/cosmicdust\/wp-json\/wp\/v2\/users\/2"}],"replies":[{"embeddable":true,"href":"https:\/\/www.issibern.ch\/workshops\/cosmicdust\/wp-json\/wp\/v2\/comments?post=18"}],"version-history":[{"count":0,"href":"https:\/\/www.issibern.ch\/workshops\/cosmicdust\/wp-json\/wp\/v2\/pages\/18\/revisions"}],"wp:attachment":[{"href":"https:\/\/www.issibern.ch\/workshops\/cosmicdust\/wp-json\/wp\/v2\/media?parent=18"}],"curies":[{"name":"wp","href":"https:\/\/api.w.org\/{rel}","templated":true}]}}